-- --------------------------------------------------------
-- Server OS:                    Win64
-- HeidiSQL version:             7.0.0.4053
-- Date/time:                    2012-07-25 14:10:52
-- --------------------------------------------------------


-- Dumping database structure for contentbox
DROP DATABASE IF EXISTS `contentbox`;
CREATE DATABASE IF NOT EXISTS `contentbox` /*!40100 DEFAULT CHARACTER SET utf8 */;
USE `contentbox`;


-- Dumping structure for table contentbox.cb_authorpermissions
CREATE TABLE IF NOT EXISTS `cb_authorpermissions` (
  `FK_authorID` int(11) NOT NULL,
  `FK_permissionID` int(11) NOT NULL,
  KEY `FKE167E219AA6AC0EA` (`FK_authorID`),
  KEY `FKE167E21937C1A3F2` (`FK_permissionID`),
  CONSTRAINT `FKE167E21937C1A3F2` FOREIGN KEY (`FK_permissionID`) REFERENCES `cb_permission` (`permissionID`),
  CONSTRAINT `FKE167E219AA6AC0EA` FOREIGN KEY (`FK_authorID`) REFERENCES `cb_author` (`authorID`)
) ENGINE=InnoDB DEFAULT CHARSET=utf8;

-- Dumping data for table contentbox.cb_authorpermissions: ~0 rows (approximately)


-- Dumping structure for table contentbox.cb_category
CREATE TABLE IF NOT EXISTS `cb_category` (
  `categoryID` int(11) NOT NULL AUTO_INCREMENT,
  `category` varchar(200) NOT NULL,
  `slug` varchar(200) NOT NULL,
  PRIMARY KEY (`categoryID`),
  UNIQUE KEY `slug` (`slug`),
  KEY `idx_slug` (`slug`)
) ENGINE=InnoDB AUTO_INCREMENT=5 DEFAULT CHARSET=utf8;

-- Dumping data for table contentbox.cb_category: ~4 rows (approximately)
INSERT IGNORE INTO `cb_category` (`categoryID`, `category`, `slug`) VALUES
	(1, 'News', 'news'),
	(2, 'ColdFusion', 'coldfusion'),
	(3, 'ColdBox', 'coldbox'),
	(4, 'ContentBox', 'contentbox');


-- Dumping structure for table contentbox.cb_comment
CREATE TABLE IF NOT EXISTS `cb_comment` (
  `commentID` int(11) NOT NULL AUTO_INCREMENT,
  `content` longtext NOT NULL,
  `author` varchar(100) NOT NULL,
  `authorEmail` varchar(255) NOT NULL,
  `authorIP` varchar(100) NOT NULL,
  `authorURL` varchar(255) DEFAULT NULL,
  `createdDate` datetime NOT NULL,
  `isApproved` bit(1) NOT NULL DEFAULT b'0',
  `FK_contentID` int(11) NOT NULL,
  PRIMARY KEY (`commentID`),
  KEY `FKFFCED27FFB9F8BAD` (`FK_contentID`),
  KEY `FKFFCED27F89D637E8` (`FK_contentID`),
  KEY `FKFFCED27F91F58374` (`FK_contentID`),
  KEY `idx_approved` (`isApproved`),
  KEY `idx_contentComment` (`isApproved`,`FK_contentID`),
  KEY `idx_createdDate` (`createdDate`),
  CONSTRAINT `FKFFCED27F89D637E8` FOREIGN KEY (`FK_contentID`) REFERENCES `cb_content` (`contentID`),
  CONSTRAINT `FKFFCED27F91F58374` FOREIGN KEY (`FK_contentID`) REFERENCES `cb_content` (`contentID`),
  CONSTRAINT `FKFFCED27FFB9F8BAD` FOREIGN KEY (`FK_contentID`) REFERENCES `cb_content` (`contentID`)
) ENGINE=InnoDB AUTO_INCREMENT=3 DEFAULT CHARSET=utf8;

-- Dumping data for table contentbox.cb_comment: ~2 rows (approximately)
INSERT IGNORE INTO `cb_comment` (`commentID`, `content`, `author`, `authorEmail`, `authorIP`, `authorURL`, `createdDate`, `isApproved`, `FK_contentID`) VALUES
	(1, 'What an amazing blog entry, congratulations!', 'Awesome Joe', 'awesomejoe@gocontentbox.com', '127.0.0.1', 'www.gocontentbox.com', '2012-07-25 00:11:36', b'10000000', 1),
	(2, 'I am some bad words and bad comment not approved', 'Bad Joe', 'badjoe@gocontentbox.com', '127.0.0.1', 'www.gocontentbox.com', '2012-07-25 00:11:36', b'00000000', 1);


-- Dumping structure for table contentbox.cb_contentcategories
CREATE TABLE IF NOT EXISTS `cb_contentcategories` (
  `FK_contentID` int(11) NOT NULL,
  `FK_categoryID` int(11) NOT NULL,
  KEY `FKD96A0F95F10ECD0` (`FK_categoryID`),
  KEY `FKD96A0F95FB9F8BAD` (`FK_contentID`),
  KEY `FKD96A0F9589D637E8` (`FK_contentID`),
  KEY `FKD96A0F9591F58374` (`FK_contentID`),
  CONSTRAINT `FKD96A0F9589D637E8` FOREIGN KEY (`FK_contentID`) REFERENCES `cb_content` (`contentID`),
  CONSTRAINT `FKD96A0F9591F58374` FOREIGN KEY (`FK_contentID`) REFERENCES `cb_content` (`contentID`),
  CONSTRAINT `FKD96A0F95F10ECD0` FOREIGN KEY (`FK_categoryID`) REFERENCES `cb_category` (`categoryID`),
  CONSTRAINT `FKD96A0F95FB9F8BAD` FOREIGN KEY (`FK_contentID`) REFERENCES `cb_content` (`contentID`)
) ENGINE=InnoDB DEFAULT CHARSET=utf8;

-- Dumping data for table contentbox.cb_contentcategories: ~0 rows (approximately)


-- Dumping structure for table contentbox.cb_contentversion
CREATE TABLE IF NOT EXISTS `cb_contentversion` (
  `contentVersionID` int(11) NOT NULL AUTO_INCREMENT,
  `content` longtext NOT NULL,
  `isActive` bit(1) NOT NULL DEFAULT b'0',
  `changelog` longtext,
  `createdDate` datetime NOT NULL,
  `version` int(11) NOT NULL,
  `FK_authorID` int(11) NOT NULL,
  `FK_contentID` int(11) NOT NULL,
  PRIMARY KEY (`contentVersionID`),
  KEY `FKE166DFFAA6AC0EA` (`FK_authorID`),
  KEY `FKE166DFFFB9F8BAD` (`FK_contentID`),
  KEY `FKE166DFF89D637E8` (`FK_contentID`),
  KEY `FKE166DFF91F58374` (`FK_contentID`),
  KEY `idx_active` (`isActive`),
  KEY `idx_contentVersions` (`isActive`,`FK_contentID`),
  KEY `idx_version` (`version`),
  KEY `idx_createdDate` (`createdDate`),
  CONSTRAINT `FKE166DFF89D637E8` FOREIGN KEY (`FK_contentID`) REFERENCES `cb_content` (`contentID`),
  CONSTRAINT `FKE166DFF91F58374` FOREIGN KEY (`FK_contentID`) REFERENCES `cb_content` (`contentID`),
  CONSTRAINT `FKE166DFFAA6AC0EA` FOREIGN KEY (`FK_authorID`) REFERENCES `cb_author` (`authorID`),
  CONSTRAINT `FKE166DFFFB9F8BAD` FOREIGN KEY (`FK_contentID`) REFERENCES `cb_content` (`contentID`)
) ENGINE=InnoDB AUTO_INCREMENT=3 DEFAULT CHARSET=utf8;

-- Dumping data for table contentbox.cb_contentversion: ~2 rows (approximately)
INSERT IGNORE INTO `cb_contentversion` (`contentVersionID`, `content`, `isActive`, `changelog`, `createdDate`, `version`, `FK_authorID`, `FK_contentID`) VALUES
	(1, 'Hey everybody, this is my first blog entry made from ContentBox.  Isn\'t this amazing!\'', b'10000000', 'Initial creation', '2012-07-25 00:11:36', 1, 1, 1),
	(2, '<p>Hey welcome to my about page for ContentBox, isn\'t this great!</p><p>{{{CustomHTML slug=\'contentbox\'}}}</p>', b'10000000', 'First creation', '2012-07-25 00:11:36', 1, 1, 2);


-- Dumping structure for table contentbox.cb_customhtml
CREATE TABLE IF NOT EXISTS `cb_customhtml` (
  `contentID` int(11) NOT NULL AUTO_INCREMENT,
  `content` longtext NOT NULL,
  `title` varchar(200) NOT NULL,
  `cache` bit(1) NOT NULL DEFAULT b'1',
  `description` longtext,
  `cacheLastAccessTimeout` int(11) DEFAULT '0',
  `cacheTimeout` int(11) DEFAULT '0',
  `slug` varchar(200) NOT NULL,
  `createdDate` datetime NOT NULL,
  PRIMARY KEY (`contentID`),
  UNIQUE KEY `slug` (`slug`),
  KEY `idx_cachetimeout` (`cacheTimeout`),
  KEY `idx_cache` (`cache`),
  KEY `idx_customHTML_slug` (`slug`),
  KEY `idx_cachelastaccesstimeout` (`cacheLastAccessTimeout`)
) ENGINE=InnoDB AUTO_INCREMENT=2 DEFAULT CHARSET=utf8;

-- Dumping data for table contentbox.cb_customhtml: ~1 rows (approximately)
INSERT IGNORE INTO `cb_customhtml` (`contentID`, `content`, `title`, `cache`, `description`, `cacheLastAccessTimeout`, `cacheTimeout`, `slug`, `createdDate`) VALUES
	(1, '<p style="text-align: center;">\r\n	<a href="http://gocontentbox.org"><img alt="" src="/modules/contentbox/content/ContentBox_125.gif" style="width: 124px; height: 118px;" /></a></p>\r\n<p style="text-align: center;">\r\n	Created by <a href="http://www.ortussolutions.com">Ortus Solutions, Corp</a> and powered by <a href="http://coldbox.org">ColdBox Platform</a>.</p>', 'ContactInfo', b'10000000', 'Our contact information', 0, 0, 'contentbox', '2012-07-25 00:11:36');


-- Dumping structure for table contentbox.cb_module
CREATE TABLE IF NOT EXISTS `cb_module` (
  `moduleID` int(11) NOT NULL AUTO_INCREMENT,
  `author` varchar(255) DEFAULT NULL,
  `title` varchar(255) DEFAULT NULL,
  `isActive` bit(1) NOT NULL DEFAULT b'0',
  `webURL` longtext,
  `description` longtext,
  `name` varchar(255) NOT NULL,
  `entryPoint` varchar(255) DEFAULT NULL,
  `forgeBoxSlug` varchar(255) DEFAULT NULL,
  `version` varchar(255) DEFAULT NULL,
  PRIMARY KEY (`moduleID`),
  KEY `idx_active` (`isActive`),
  KEY `idx_entryPoint` (`entryPoint`),
  KEY `idx_moduleName` (`name`)
) ENGINE=InnoDB AUTO_INCREMENT=2 DEFAULT CHARSET=utf8;

-- Dumping data for table contentbox.cb_module: ~1 rows (approximately)
INSERT IGNORE INTO `cb_module` (`moduleID`, `author`, `title`, `isActive`, `webURL`, `description`, `name`, `entryPoint`, `forgeBoxSlug`, `version`) VALUES
	(1, 'Ortus Solutions, Corp', 'HelloContentBox', b'00000000', 'http://www.ortussolutions.com', 'This is an awesome hello world module', 'Hello', 'HelloContentBox', '', '1.0');


-- Dumping structure for table contentbox.cb_permission
CREATE TABLE IF NOT EXISTS `cb_permission` (
  `permissionID` int(11) NOT NULL AUTO_INCREMENT,
  `description` longtext,
  `permission` varchar(255) NOT NULL,
  PRIMARY KEY (`permissionID`),
  UNIQUE KEY `permission` (`permission`)
) ENGINE=InnoDB AUTO_INCREMENT=27 DEFAULT CHARSET=utf8;

-- Dumping data for table contentbox.cb_permission: ~26 rows (approximately)
INSERT IGNORE INTO `cb_permission` (`permissionID`, `description`, `permission`) VALUES
	(1, 'Ability to manage authors, default is view only', 'AUTHOR_ADMIN'),
	(2, 'Ability to manage blog entries, default is view only', 'ENTRIES_ADMIN'),
	(3, 'Access to the ContentBox System tools', 'SYSTEM_TAB'),
	(4, 'Ability to rollback content versions', 'VERSIONS_ROLLBACK'),
	(5, 'Ability to view and apply ContentBox updates', 'SYSTEM_UPDATES'),
	(6, 'Ability to reload modules', 'RELOAD_MODULES'),
	(7, 'Access to the enter the ContentBox administrator console', 'CONTENTBOX_ADMIN'),
	(8, 'Ability to manage the system\'s media manager', 'MEDIAMANAGER_ADMIN'),
	(9, 'Access to the ContentBox raw geek settings panel', 'SYSTEM_RAW_SETTINGS'),
	(10, 'Ability to manage the system\'s email templates', 'EMAIL_TEMPLATE_ADMIN'),
	(11, 'Ability to manage custom HTML, default is view only', 'CUSTOMHTML_ADMIN'),
	(12, 'Ability to manage blog entries but not publish entries', 'ENTRIES_EDITOR'),
	(13, 'Ability to manage ContentBox Modules', 'MODULES_ADMIN'),
	(14, 'Ability to manage content pages, default is view only', 'PAGES_ADMIN'),
	(15, 'Ability to delete past content versions', 'VERSIONS_DELETE'),
	(16, 'Ability to manage comments, default is view only', 'COMMENTS_ADMIN'),
	(17, 'Ability to manage the system\'s global HTML content used on layouts', 'GLOBALHTML_ADMIN'),
	(18, 'Ability to manage widgets, default is view only', 'WIDGET_ADMIN'),
	(19, 'Ability to manage content pages but not publish pages', 'PAGES_EDITOR'),
	(20, 'Ability to manage layouts, default is view only', 'LAYOUT_ADMIN'),
	(21, 'Ability to manage the system\'s security rules, default is view only', 'SECURITYRULES_ADMIN'),
	(22, 'Ability to manage permissions, default is view only', 'PERMISSIONS_ADMIN'),
	(23, 'Ability to manage roles, default is view only', 'ROLES_ADMIN'),
	(24, 'Ability to manage categories, default is view only', 'CATEGORIES_ADMIN'),
	(25, 'Ability to import data into ContentBox', 'TOOLS_IMPORT'),
	(26, 'Ability to update global configuration data', 'SYSTEM_SAVE_CONFIGURATION');


-- Dumping structure for table contentbox.cb_role
CREATE TABLE IF NOT EXISTS `cb_role` (
  `roleID` int(11) NOT NULL AUTO_INCREMENT,
  `description` longtext,
  `role` varchar(255) NOT NULL,
  PRIMARY KEY (`roleID`),
  UNIQUE KEY `role` (`role`)
) ENGINE=InnoDB AUTO_INCREMENT=3 DEFAULT CHARSET=utf8;

-- Dumping data for table contentbox.cb_role: ~2 rows (approximately)
INSERT IGNORE INTO `cb_role` (`roleID`, `description`, `role`) VALUES
	(1, 'A ContentBox editor', 'Editor'),
	(2, 'A ContentBox Administrator', 'Administrator');


-- Dumping structure for table contentbox.cb_rolepermissions
CREATE TABLE IF NOT EXISTS `cb_rolepermissions` (
  `FK_roleID` int(11) NOT NULL,
  `FK_permissionID` int(11) NOT NULL,
  KEY `FKDCCC1A4E9724FA40` (`FK_roleID`),
  KEY `FKDCCC1A4E37C1A3F2` (`FK_permissionID`),
  CONSTRAINT `FKDCCC1A4E37C1A3F2` FOREIGN KEY (`FK_permissionID`) REFERENCES `cb_permission` (`permissionID`),
  CONSTRAINT `FKDCCC1A4E9724FA40` FOREIGN KEY (`FK_roleID`) REFERENCES `cb_role` (`roleID`)
) ENGINE=InnoDB DEFAULT CHARSET=utf8;

-- Dumping data for table contentbox.cb_rolepermissions: ~36 rows (approximately)
INSERT IGNORE INTO `cb_rolepermissions` (`FK_roleID`, `FK_permissionID`) VALUES
	(1, 16),
	(1, 11),
	(1, 19),
	(1, 24),
	(1, 12),
	(1, 20),
	(1, 17),
	(1, 8),
	(1, 4),
	(1, 7),
	(2, 1),
	(2, 2),
	(2, 3),
	(2, 4),
	(2, 5),
	(2, 6),
	(2, 7),
	(2, 8),
	(2, 9),
	(2, 10),
	(2, 13),
	(2, 12),
	(2, 11),
	(2, 14),
	(2, 15),
	(2, 16),
	(2, 17),
	(2, 18),
	(2, 19),
	(2, 20),
	(2, 21),
	(2, 22),
	(2, 23),
	(2, 24),
	(2, 25),
	(2, 26);


-- Dumping structure for table contentbox.cb_securityrule
CREATE TABLE IF NOT EXISTS `cb_securityrule` (
  `ruleID` int(11) NOT NULL AUTO_INCREMENT,
  `useSSL` bit(1) DEFAULT b'0',
  `securelist` varchar(255) NOT NULL,
  `order` int(11) NOT NULL DEFAULT '0',
  `roles` varchar(255) DEFAULT NULL,
  `permissions` longtext,
  `redirect` longtext NOT NULL,
  `match` varchar(50) DEFAULT NULL,
  `whitelist` varchar(255) DEFAULT NULL,
  PRIMARY KEY (`ruleID`)
) ENGINE=InnoDB AUTO_INCREMENT=24 DEFAULT CHARSET=utf8;

-- Dumping data for table contentbox.cb_securityrule: ~23 rows (approximately)
INSERT IGNORE INTO `cb_securityrule` (`ruleID`, `useSSL`, `securelist`, `order`, `roles`, `permissions`, `redirect`, `match`, `whitelist`) VALUES
	(1, b'00000000', '^contentbox-admin:modules\\..*', 1, '', 'MODULES_ADMIN', 'cbadmin/security/login', 'event', ''),
	(2, b'00000000', '^contentbox-admin:mediamanager\\..*', 1, '', 'MEDIAMANAGER_ADMIN', 'cbadmin/security/login', 'event', ''),
	(3, b'00000000', '^contentbox-admin:versions\\.(remove)', 1, '', 'VERSIONS_DELETE', 'cbadmin/security/login', 'event', ''),
	(4, b'00000000', '^contentbox-admin:versions\\.(rollback)', 1, '', 'VERSIONS_ROLLBACK', 'cbadmin/security/login', 'event', ''),
	(5, b'00000000', '^contentbox-admin:emailtemplates\\..*', 2, '', 'EMAIL_TEMPLATE_ADMIN', 'cbadmin/security/login', 'event', ''),
	(6, b'00000000', '^contentbox-admin:widgets\\.(remove|upload|edit|save|create|doCreate)', 2, '', 'WIDGET_ADMIN', 'cbadmin/security/login', 'event', ''),
	(7, b'00000000', '^contentbox-admin:tools\\.(importer|doImport)', 3, '', 'TOOLS_IMPORT', 'cbadmin/security/login', 'event', ''),
	(8, b'00000000', '^contentbox-admin:(settings|permissions|roles|securityRules)\\..*', 4, '', 'SYSTEM_TAB', 'cbadmin/security/login', 'event', ''),
	(9, b'00000000', '^contentbox-admin:settings\\.save', 5, '', 'SYSTEM_SAVE_CONFIGURATION', 'cbadmin/security/login', 'event', ''),
	(10, b'00000000', '^contentbox-admin:settings\\.(raw|saveRaw|flushCache|flushSingletons|mappingDump|viewCached|remove)', 6, '', 'SYSTEM_RAW_SETTINGS', 'cbadmin/security/login', 'event', ''),
	(11, b'00000000', '^contentbox-admin:securityRules\\.(remove|save|changeOrder|apply)', 7, '', 'SECURITYRULES_ADMIN', 'cbadmin/security/login', 'event', ''),
	(12, b'00000000', '^contentbox-admin:roles\\.(remove|removePermission|save|savePermission)', 8, '', 'ROLES_ADMIN', 'cbadmin/security/login', 'event', ''),
	(13, b'00000000', '^contentbox-admin:permissions\\.(remove|save)', 9, '', 'PERMISSIONS_ADMIN', 'cbadmin/security/login', 'event', ''),
	(14, b'00000000', '^contentbox-admin:dashboard\\.reload', 10, '', 'RELOAD_MODULES', 'cbadmin/security/login', 'event', ''),
	(15, b'00000000', '^contentbox-admin:pages\\.(changeOrder|remove)', 11, '', 'PAGES_ADMIN', 'cbadmin/security/login', 'event', ''),
	(16, b'00000000', '^contentbox-admin:layouts\\.(remove|upload|rebuildRegistry|activate)', 12, '', 'LAYOUT_ADMIN', 'cbadmin/security/login', 'event', ''),
	(17, b'00000000', '^contentbox-admin:entries\\.(quickPost|remove)', 13, '', 'ENTRIES_ADMIN', 'cbadmin/security/login', 'event', ''),
	(18, b'00000000', '^contentbox-admin:customHTML\\.(editor|remove|save)', 14, '', 'CUSTOMHTML_ADMIN', 'cbadmin/security/login', 'event', ''),
	(19, b'00000000', '^contentbox-admin:comments\\.(doStatusUpdate|editor|moderate|remove|save|saveSettings)', 15, '', 'COMMENTS_ADMIN', 'cbadmin/security/login', 'event', ''),
	(20, b'00000000', '^contentbox-admin:categories\\.(remove|save)', 16, '', 'CATEGORIES_ADMIN', 'cbadmin/security/login', 'event', ''),
	(21, b'00000000', '^contentbox-admin:authors\\.(remove|removePermission|savePermission)', 17, '', 'AUTHOR_ADMIN', 'cbadmin/security/login', 'event', ''),
	(22, b'00000000', '^contentbox-admin:.*', 18, '', 'CONTENTBOX_ADMIN', 'cbadmin/security/login', 'event', '^contentbox-admin:security\\.'),
	(23, b'00000000', '^contentbox-filebrowser:.*', 19, '', 'MEDIAMANAGER_ADMIN', 'cbadmin/security/login', 'event', '');


-- Dumping structure for table contentbox.cb_setting
CREATE TABLE IF NOT EXISTS `cb_setting` (
  `settingID` int(11) NOT NULL AUTO_INCREMENT,
  `name` varchar(100) NOT NULL,
  `value` longtext NOT NULL,
  PRIMARY KEY (`settingID`)
) ENGINE=InnoDB AUTO_INCREMENT=88 DEFAULT CHARSET=utf8;

-- Dumping data for table contentbox.cb_setting: ~87 rows (approximately)
INSERT IGNORE INTO `cb_setting` (`settingID`, `name`, `value`) VALUES
	(1, 'cb_paging_maxRSSComments', '10'),
	(2, 'cb_site_mail_username', ''),
	(3, 'cb_paging_maxrows', '20'),
	(4, 'cb_gravatar_display', 'true'),
	(5, 'cb_media_createFolders', 'true'),
	(6, 'cb_site_maintenance_message', '<h1>This site is down for maintenance.<br /> Please check back again soon.</h1>'),
	(7, 'cb_html_afterContent', ''),
	(8, 'cb_dashboard_recentComments', '5'),
	(9, 'cb_customHTML_caching', 'true'),
	(10, 'cb_rss_cachingTimeoutIdle', '15'),
	(11, 'cb_html_afterSideBar', ''),
	(12, 'cb_comments_moderation', 'true'),
	(13, 'cb_entry_caching', 'true'),
	(14, 'cb_html_postIndexDisplay', ''),
	(15, 'cb_site_disable_blog', 'false'),
	(16, 'cb_site_mail_ssl', 'false'),
	(17, 'cb_notify_page', 'true'),
	(18, 'cb_html_afterBodyStart', ''),
	(19, 'cb_site_outgoingEmail', 'lmajano@ortussolutions.com'),
	(20, 'cb_comments_whoisURL', 'http://whois.arin.net/ui/query.do?q'),
	(21, 'cb_html_beforeBodyEnd', ''),
	(22, 'cb_html_postCommentForm', ''),
	(23, 'cb_rss_cacheName', 'Template'),
	(24, 'cb_media_allowDownloads', 'true'),
	(25, 'cb_search_maxResults', '20'),
	(26, 'cb_html_preCommentForm', ''),
	(27, 'cb_site_homepage', 'cbBlog'),
	(28, 'cb_site_maintenance', 'false'),
	(29, 'cb_notify_author', 'true'),
	(30, 'cb_rss_caching', 'true'),
	(31, 'cb_media_uploadify_sizeLimit', '0'),
	(32, 'cb_media_quickViewWidth', '400'),
	(33, 'cb_site_mail_tls', 'false'),
	(34, 'cb_versions_max_history', ''),
	(35, 'cb_html_beforeHeadEnd', ''),
	(36, 'cb_site_layout', 'default'),
	(37, 'cb_media_allowUploads', 'true'),
	(38, 'cb_content_cachingTimeoutIdle', '15'),
	(39, 'cb_comments_moderation_notify', 'true'),
	(40, 'cb_comments_urltranslations', 'true'),
	(41, 'cb_html_preArchivesDisplay', ''),
	(42, 'cb_html_prePageDisplay', ''),
	(43, 'cb_comments_moderation_whitelist', 'true'),
	(44, 'cb_comments_moderation_blockedlist', ''),
	(45, 'cb_notify_entry', 'true'),
	(46, 'cb_site_email', 'lmajano@ortussolutions.com'),
	(47, 'cb_content_caching', 'true'),
	(48, 'cb_html_postEntryDisplay', ''),
	(49, 'cb_comments_notify', 'true'),
	(50, 'cb_paging_bandgap', '5'),
	(51, 'cb_rss_maxEntries', '10'),
	(52, 'cb_search_adapter', 'contentbox.model.search.DBSearch'),
	(53, 'cb_html_postArchivesDisplay', ''),
	(54, 'cb_site_keywords', ''),
	(55, 'cb_html_beforeSideBar', ''),
	(56, 'cb_media_uploadify_customOptions', ''),
	(57, 'cb_comments_maxDisplayChars', '500'),
	(58, 'cb_comments_notifyemails', ''),
	(59, 'cb_site_mail_password', ''),
	(60, 'cb_html_preEntryDisplay', ''),
	(61, 'cb_html_postPageDisplay', ''),
	(62, 'cb_dashboard_recentPages', '5'),
	(63, 'cb_site_name', 'Lui'),
	(64, 'cb_content_cacheName', 'Template'),
	(65, 'cb_media_uplodify_fileDesc', 'All Files'),
	(66, 'cb_html_preIndexDisplay', ''),
	(67, 'cb_gravatar_rating', 'PG'),
	(68, 'cb_comments_enabled', 'true'),
	(69, 'cb_site_description', ''),
	(70, 'cb_content_cachingTimeout', '60'),
	(71, 'cb_media_directoryRoot', 'C:\\Zips\\coldbox-devbox\\webapps\\ROOT\\cbox\\modules\\contentbox\\content'),
	(72, 'cb_site_mail_server', ''),
	(73, 'cb_media_allowDelete', 'true'),
	(74, 'cb_paging_maxentries', '10'),
	(75, 'cb_media_uplodify_fileExt', '*.*;'),
	(76, 'cb_comments_moderation_blacklist', ''),
	(77, 'cb_dashboard_recentEntries', '5'),
	(78, 'cb_site_tagline', 'asdfas'),
	(79, 'cb_media_acceptMimeTypes', ''),
	(80, 'cb_html_beforeContent', ''),
	(81, 'cb_rss_cachingTimeout', '60'),
	(82, 'cb_rss_maxComments', '10'),
	(83, 'cb_html_afterFooter', ''),
	(84, 'cb_comments_captcha', 'true'),
	(85, 'cb_media_uploadify_allowMulti', 'true'),
	(86, 'cb_site_mail_smtp', '25'),
	(87, 'cb_active', 'true');
